{"id":2,"date":"2011-04-28T18:26:41","date_gmt":"2011-04-28T18:26:41","guid":{"rendered":"http:\/\/www.airsoft.nu\/evenemang\/?page_id=2"},"modified":"2025-05-08T23:23:33","modified_gmt":"2025-05-08T21:23:33","slug":"evenemangskalendersidan","status":"publish","type":"page","link":"http:\/\/www.airsoft.nu\/evenemang\/","title":{"rendered":"Airsoftevenemang \/ spelkalender"},"content":{"rendered":"\n<figure class=\"wp-block-image size-large is-resized\"><a href=\"https:\/\/www.airsoft.nu\/nyheter\/2025\/03\/07\/airsoftkalender-se-hitta-airsoftspel-enklare-i-sverige\/\"><img decoding=\"async\" src=\"https:\/\/www.airsoft.nu\/nyheter\/files\/2025\/03\/airsoftkalender_se.png\" alt=\"\" style=\"width:840px;height:auto\"\/><\/a><\/figure>\n\n\n\n<p>Tj\u00e4nsten <strong>Airsoftkalender.se<\/strong> har startat och m\u00e5ls\u00e4ttningen \u00e4r att alla arrang\u00f6rer i Sverige ska lista sina airsoftspel d\u00e4r s\u00e5 att det blir enkelt f\u00f6r alla airsoftspelare att hitta airsoftspel n\u00e4ra sig.<\/p>\n\n\n\n<p>L\u00e4nk: <a href=\"https:\/\/airsoftkalender.se\/\" data-type=\"link\" data-id=\"https:\/\/airsoftkalender.se\/\">https:\/\/airsoftkalender.se\/<\/a><\/p>\n\n\n\n<p><em>Den tj\u00e4nsten har inget med Airsoft.nu att g\u00f6ra.<\/em><\/p>\n\n\n\n<p><\/p>\n","protected":false},"excerpt":{"rendered":"<p>Tj\u00e4nsten Airsoftkalender.se har startat och m\u00e5ls\u00e4ttningen \u00e4r att alla arrang\u00f6rer i Sverige ska lista sina airsoftspel d\u00e4r s\u00e5 att det blir enkelt f\u00f6r alla airsoftspelare att hitta airsoftspel n\u00e4ra sig. L\u00e4nk: https:\/\/airsoftkalender.se\/ Den tj\u00e4nsten har inget med Airsoft.nu att g\u00f6ra.<\/p>\n","protected":false},"author":9,"featured_media":0,"parent":0,"menu_order":0,"comment_status":"open","ping_status":"open","template":"","meta":{"footnotes":""},"class_list":["post-2","page","type-page","status-publish","hentry"],"_links":{"self":[{"href":"http:\/\/www.airsoft.nu\/evenemang\/wp-json\/wp\/v2\/pages\/2","targetHints":{"allow":["GET"]}}],"collection":[{"href":"http:\/\/www.airsoft.nu\/evenemang\/wp-json\/wp\/v2\/pages"}],"about":[{"href":"http:\/\/www.airsoft.nu\/evenemang\/wp-json\/wp\/v2\/types\/page"}],"author":[{"embeddable":true,"href":"http:\/\/www.airsoft.nu\/evenemang\/wp-json\/wp\/v2\/users\/9"}],"replies":[{"embeddable":true,"href":"http:\/\/www.airsoft.nu\/evenemang\/wp-json\/wp\/v2\/comments?post=2"}],"version-history":[{"count":75,"href":"http:\/\/www.airsoft.nu\/evenemang\/wp-json\/wp\/v2\/pages\/2\/revisions"}],"predecessor-version":[{"id":130,"href":"http:\/\/www.airsoft.nu\/evenemang\/wp-json\/wp\/v2\/pages\/2\/revisions\/130"}],"wp:attachment":[{"href":"http:\/\/www.airsoft.nu\/evenemang\/wp-json\/wp\/v2\/media?parent=2"}],"curies":[{"name":"wp","href":"https:\/\/api.w.org\/{rel}","templated":true}]}}