{"id":1576,"date":"2013-07-20T10:00:18","date_gmt":"2013-07-20T09:00:18","guid":{"rendered":"http:\/\/www.airsoft.nu\/recensioner\/?page_id=1576"},"modified":"2013-09-22T20:58:54","modified_gmt":"2013-09-22T19:58:54","slug":"gfc-tactical-hdr-shield","status":"publish","type":"page","link":"http:\/\/www.airsoft.nu\/recensioner\/gfc-tactical-hdr-shield\/","title":{"rendered":"GFC Tactical HDR Shield"},"content":{"rendered":"<p style=\"text-align: left;\"><img decoding=\"async\" class=\"aligncenter size-full wp-image-1577\" title=\"GFC Tactical HDR Shield (svart)\" alt=\"GFC Tactical HDR Shield (svart)\" src=\"http:\/\/www.airsoft.nu\/recensioner\/files\/2013\/07\/gunfire_tactical_hdr_shield_black_review.jpg\" width=\"630\" height=\"310\" srcset=\"http:\/\/www.airsoft.nu\/recensioner\/files\/2013\/07\/gunfire_tactical_hdr_shield_black_review.jpg 630w, http:\/\/www.airsoft.nu\/recensioner\/files\/2013\/07\/gunfire_tactical_hdr_shield_black_review-300x147.jpg 300w\" sizes=\"(max-width: 630px) 100vw, 630px\" \/><strong>Polska Gunfire har genom sitt varum\u00e4rke GFC Tactical lanserat en serie med olika stridshandskar som heter Heavy Duty Ready. I serien finns bland annat Shield, Accuracy och Shooter, vi har testat handskarna Shield i svart f\u00e4rg men dessa finns \u00e4ven som olivf\u00e4rgade men med svarta inslag.<\/strong><\/p>\n<p style=\"text-align: left;\"><a title=\"Read the GFC Tactical HDR Shield review in English\" href=\"http:\/\/www.airsoft.nu\/reviews\/gfc-tactical-hdr-shield\/\"><img decoding=\"async\" title=\"Read the GFC Tactical HDR Shield review in English\" alt=\"Read the GFC Tactical HDR Shield review in English\" src=\"http:\/\/www.airsoft.nu\/images\/flags\/gb.gif\" width=\"16\" height=\"11\" \/>\u00a0Read the GFC Tactical HDR Shield\u00a0review in English<\/a><\/p>\n<h1>Inneh\u00e5ll<\/h1>\n<p style=\"text-align: left;\"><a title=\"Handskarna GFC Tactical HDR black i f\u00f6rpackning.\" href=\"http:\/\/www.airsoft.nu\/recensioner\/files\/2013\/07\/gfc_tactical_hdr_shield_black_001.jpg\" rel=\"lightbox\"><img decoding=\"async\" class=\"aligncenter  wp-image-1578\" title=\"Handskarna GFC Tactical HDR (svart)\" alt=\"Handskarna GFC Tactical HDR (svart)\" src=\"http:\/\/www.airsoft.nu\/recensioner\/files\/2013\/07\/gfc_tactical_hdr_shield_black_001_tn.jpg\" width=\"630\" height=\"420\" \/><\/a><\/p>\n<p style=\"text-align: left;\">Handskarna GFC Tactical HDR black i o\u00f6ppnat skick. Handskarna sitter fast i en kartongbit f\u00f6r att g\u00e5 att h\u00e4ngas upp i butik och en lapp med information om materialet Schoeller Keprotec med kevlar sitter fast p\u00e5 den ena handsken.<\/p>\n<h1 style=\"text-align: left;\">Utseende och funktion<\/h1>\n<p style=\"text-align: center;\"><a title=\"Handsken fr\u00e5n ovansidan.\" href=\"http:\/\/www.airsoft.nu\/recensioner\/files\/2013\/07\/gfc_tactical_hdr_shield_black_002.jpg\" rel=\"lightbox\"><img decoding=\"async\" class=\"aligncenter size-full wp-image-1584\" alt=\"gfc_tactical_hdr_shield_black_002_tn\" src=\"http:\/\/www.airsoft.nu\/recensioner\/files\/2013\/07\/gfc_tactical_hdr_shield_black_002.jpg\" width=\"630\" height=\"420\" \/><\/a><\/p>\n<p style=\"text-align: left;\">Handsken fr\u00e5n ovansidan. Ut\u00f6ver knogskyddet (mer om det nedan) best\u00e5r ovansidan mest av materialet spandex.<\/p>\n<p style=\"text-align: left;\"><a title=\"Handsken p\u00e5 insidan.\" href=\"http:\/\/www.airsoft.nu\/recensioner\/files\/2013\/08\/gfc_tactical_hdr_shield_black_003.jpg\" rel=\"lightbox\"><img decoding=\"async\" class=\"aligncenter size-full wp-image-1590\" title=\"Handsken p\u00e5 insidan.\" alt=\"Handsken p\u00e5 insidan.\" src=\"http:\/\/www.airsoft.nu\/recensioner\/files\/2013\/08\/gfc_tactical_hdr_shield_black_003_tn.jpg\" width=\"630\" height=\"420\" srcset=\"http:\/\/www.airsoft.nu\/recensioner\/files\/2013\/08\/gfc_tactical_hdr_shield_black_003_tn.jpg 630w, http:\/\/www.airsoft.nu\/recensioner\/files\/2013\/08\/gfc_tactical_hdr_shield_black_003_tn-300x200.jpg 300w\" sizes=\"(max-width: 630px) 100vw, 630px\" \/><\/a><\/p>\n<p style=\"text-align: left;\">Handsken p\u00e5 insidan. P\u00e5 insidan best\u00e5r av syntetiskt l\u00e4der och d\u00e4r handen r\u00f6r sig dvs vid tummen och \u00f6vriga fingrar \u00e4r det f\u00f6rst\u00e4rkt.<\/p>\n<p style=\"text-align: center;\"><a title=\"Knogskyddet \u00e4r av materialet Schoeller Keprotec med kevlar.\" href=\"http:\/\/www.airsoft.nu\/recensioner\/files\/2013\/07\/gfc_tactical_hdr_shield_black_004.jpg\" rel=\"lightbox\"><img decoding=\"async\" class=\"aligncenter size-full wp-image-1600\" title=\"Knogskyddet \u00e4r av materialet Schoeller Keprotec med kevlar.\" alt=\"Knogskyddet \u00e4r av materialet Schoeller Keprotec med kevlar.\" src=\"http:\/\/www.airsoft.nu\/recensioner\/files\/2013\/07\/gfc_tactical_hdr_shield_black_004_tn.jpg\" width=\"630\" height=\"420\" srcset=\"http:\/\/www.airsoft.nu\/recensioner\/files\/2013\/07\/gfc_tactical_hdr_shield_black_004_tn.jpg 630w, http:\/\/www.airsoft.nu\/recensioner\/files\/2013\/07\/gfc_tactical_hdr_shield_black_004_tn-300x200.jpg 300w\" sizes=\"(max-width: 630px) 100vw, 630px\" \/><\/a><\/p>\n<p style=\"text-align: left;\">Knogskyddet \u00e4r av materialet Schoeller Keprotec\u00a0med kevlar. Enligt den medf\u00f6ljande materialbeskrivningen \u00e4r detta material v\u00e4ldigt h\u00e5llbart, v\u00e4rmet\u00e5ligt och fukt-, smuts- och oljeavvisande.<\/p>\n<table style=\"width: 630px;\" cellspacing=\"0\" cellpadding=\"2\">\n<tbody>\n<tr>\n<td style=\"width: 33%;\"><a title=\"F\u00f6r att knogskyddet ska ha fylla sin funktion kr\u00e4vs att fingrarna v\u00e4nds in emot handflatan.\" href=\"http:\/\/www.airsoft.nu\/recensioner\/files\/2013\/07\/gfc_tactical_hdr_shield_black_005.jpg\" rel=\"lightbox\"><img decoding=\"async\" class=\"alignleft\" title=\"F\u00f6r att knogskyddet ska ha fylla sin funktion kr\u00e4vs att fingrarna v\u00e4nds in emot handflatan.\" alt=\"F\u00f6r att knogskyddet ska ha fylla sin funktion kr\u00e4vs att fingrarna v\u00e4nds in emot handflatan.\" src=\"http:\/\/www.airsoft.nu\/recensioner\/files\/2013\/07\/gfc_tactical_hdr_shield_black_005_tn.jpg\" width=\"205\" height=\"137\" \/><\/a><\/td>\n<td style=\"width: 33%;\"><a title=\"F\u00f6r att knogskyddet ska ha fylla sin funktion kr\u00e4vs att fingrarna v\u00e4nds in emot handflatan.\" href=\"http:\/\/www.airsoft.nu\/recensioner\/files\/2013\/07\/gfc_tactical_hdr_shield_black_006.jpg\" rel=\"lightbox\"><img decoding=\"async\" class=\"aligncenter\" title=\"F\u00f6r att knogskyddet ska ha fylla sin funktion kr\u00e4vs att fingrarna v\u00e4nds in emot handflatan.\" alt=\"F\u00f6r att knogskyddet ska ha fylla sin funktion kr\u00e4vs att fingrarna v\u00e4nds in emot handflatan.\" src=\"http:\/\/www.airsoft.nu\/recensioner\/files\/2013\/07\/gfc_tactical_hdr_shield_black_006_tn.jpg\" width=\"205\" height=\"137\" \/><\/a><\/td>\n<td style=\"width: 33%;\"><a title=\"F\u00f6rst\u00e4rkning nedanf\u00f6r handflatan.\" href=\"http:\/\/www.airsoft.nu\/recensioner\/files\/2013\/07\/gfc_tactical_hdr_shield_black_007.jpg\" rel=\"lightbox\"><img decoding=\"async\" class=\"alignright\" title=\"F\u00f6rst\u00e4rkning nedanf\u00f6r handflatan.\" alt=\"F\u00f6rst\u00e4rkning nedanf\u00f6r handflatan.\" src=\"http:\/\/www.airsoft.nu\/recensioner\/files\/2013\/07\/gfc_tactical_hdr_shield_black_007_tn.jpg\" width=\"205\" height=\"137\" \/><\/a><\/td>\n<\/tr>\n<\/tbody>\n<\/table>\n<p style=\"text-align: left;\">F\u00f6r att knogskyddet ska ha fylla sin funktion kr\u00e4vs att fingrarna v\u00e4nds in emot handflatan. Nedanf\u00f6r handflatan \u00e4r handsken f\u00f6rst\u00e4rkt.<\/p>\n<p style=\"text-align: center;\"><a title=\"Text.\" href=\"http:\/\/www.airsoft.nu\/recensioner\/files\/2013\/07\/gfc_tactical_hdr_shield_black_008.jpg\" rel=\"lightbox\"><img decoding=\"async\" class=\"aligncenter size-full wp-image-1611\" title=\"Materialet p\u00e5 ovansidan \u00e4r spandex och syntetiskt l\u00e4der p\u00e5 undersidan.\" alt=\"Materialet p\u00e5 ovansidan \u00e4r spandex och syntetiskt l\u00e4der p\u00e5 undersidan.\" src=\"http:\/\/www.airsoft.nu\/recensioner\/files\/2013\/07\/gfc_tactical_hdr_shield_black_008_tn.jpg\" width=\"630\" height=\"420\" srcset=\"http:\/\/www.airsoft.nu\/recensioner\/files\/2013\/07\/gfc_tactical_hdr_shield_black_008_tn.jpg 630w, http:\/\/www.airsoft.nu\/recensioner\/files\/2013\/07\/gfc_tactical_hdr_shield_black_008_tn-300x200.jpg 300w\" sizes=\"(max-width: 630px) 100vw, 630px\" \/><\/a><\/p>\n<p style=\"text-align: left;\">Materialet p\u00e5 ovansidan \u00e4r spandex och syntetiskt l\u00e4der\u00a0p\u00e5 undersidan. P\u00e5 bilden visas tummen men p\u00e5 de andra fingrarna \u00e4r det stretchtyg mellan.<\/p>\n<p style=\"text-align: center;\"><a title=\"Runt handleden best\u00e5r materialet av neopren och f\u00e4sts med hj\u00e4lp av kardborreband.\" href=\"http:\/\/www.airsoft.nu\/recensioner\/files\/2013\/07\/gfc_tactical_hdr_shield_black_009.jpg\" rel=\"lightbox\"><img decoding=\"async\" class=\"aligncenter size-full wp-image-1614\" title=\"Runt handleden best\u00e5r materialet av neopren och f\u00e4sts med hj\u00e4lp av kardborreband.\" alt=\"Runt handleden best\u00e5r materialet av neopren och f\u00e4sts med hj\u00e4lp av kardborreband.\" src=\"http:\/\/www.airsoft.nu\/recensioner\/files\/2013\/07\/gfc_tactical_hdr_shield_black_009_tn.jpg\" width=\"630\" height=\"420\" srcset=\"http:\/\/www.airsoft.nu\/recensioner\/files\/2013\/07\/gfc_tactical_hdr_shield_black_009_tn.jpg 630w, http:\/\/www.airsoft.nu\/recensioner\/files\/2013\/07\/gfc_tactical_hdr_shield_black_009_tn-300x200.jpg 300w\" sizes=\"(max-width: 630px) 100vw, 630px\" \/><\/a><\/p>\n<p style=\"text-align: left;\">Runt handleden best\u00e5r materialet av neopren och f\u00e4sts med hj\u00e4lp av kardborreband.<\/p>\n<h1 style=\"text-align: left;\">F\u00e4lttest<\/h1>\n<p style=\"text-align: center;\"><a title=\"Bergsmassivet Kebnekaise i bakgrunden.\" href=\"http:\/\/www.airsoft.nu\/recensioner\/files\/2013\/07\/gfc_tactical_hdr_shield_black_013.jpg\" rel=\"lightbox\"><img decoding=\"async\" class=\"aligncenter size-full wp-image-1617\" title=\"Bergsmassivet Kebnekaise i bakgrunden.\" alt=\"Bergsmassivet Kebnekaise i bakgrunden.\" src=\"http:\/\/www.airsoft.nu\/recensioner\/files\/2013\/07\/gfc_tactical_hdr_shield_black_013.jpg\" width=\"630\" height=\"420\" \/><\/a><\/p>\n<p style=\"text-align: left;\">Handskarna fick f\u00f6lja med p\u00e5 vandring i de svenska fj\u00e4llen. Bergsmassivet Kebnekaise i bakgrunden.<\/p>\n<p style=\"text-align: center;\"><a title=\"H\u00e5ller i en pistol.\" href=\"http:\/\/www.airsoft.nu\/recensioner\/files\/2013\/07\/gfc_tactical_hdr_shield_black_014.jpg\" rel=\"lightbox\"><img decoding=\"async\" class=\"aligncenter size-full wp-image-1619\" title=\"H\u00e5ller i en pistol.\" alt=\"H\u00e5ller i en pistol.\" src=\"http:\/\/www.airsoft.nu\/recensioner\/files\/2013\/07\/gfc_tactical_hdr_shield_black_014_tn.jpg\" width=\"630\" height=\"420\" srcset=\"http:\/\/www.airsoft.nu\/recensioner\/files\/2013\/07\/gfc_tactical_hdr_shield_black_014_tn.jpg 630w, http:\/\/www.airsoft.nu\/recensioner\/files\/2013\/07\/gfc_tactical_hdr_shield_black_014_tn-300x200.jpg 300w\" sizes=\"(max-width: 630px) 100vw, 630px\" \/><\/a><\/p>\n<p style=\"text-align: left;\">H\u00e5ller i en pistol. Handskarnas grepp \u00e4r helt ok och det man h\u00e5ller i handen glider inte ur.<\/p>\n<p style=\"text-align: left;\">N\u00e4r det g\u00e4ller fukt s\u00e5 avvisar handskarna mindre m\u00e4ngder vatten under kortare tid sen absorberar materialen det (bortsett knogf\u00f6rst\u00e4rkningen).<\/p>\n<p style=\"text-align: left;\">Heavy Duty Ready-handskarna finns i storlekarna S, M, L och XL. Enligt Gunfire s\u00e5 \u00f6verrenst\u00e4mmer storlekarna bra med Mechanix-storlekar s\u00e5 f\u00f6r att veta vilken storlek som passar ens hand b\u00e4st kan man med f\u00f6rdel kolla i ett storleksschema fr\u00e5n Mechanix. De handskar som testats i det h\u00e4r testet \u00e4r storlek Large.<\/p>\n<p style=\"text-align: center;\"><a title=\"Sprucken s\u00f6m.\" href=\"http:\/\/www.airsoft.nu\/recensioner\/files\/2013\/07\/gfc_tactical_hdr_shield_black_015.jpg\" rel=\"lightbox\"><img decoding=\"async\" class=\"aligncenter size-full wp-image-1626\" title=\"Sprucken s\u00f6m.\" alt=\"Sprucken s\u00f6m.\" src=\"http:\/\/www.airsoft.nu\/recensioner\/files\/2013\/07\/gfc_tactical_hdr_shield_black_015_tn.jpg\" width=\"630\" height=\"420\" srcset=\"http:\/\/www.airsoft.nu\/recensioner\/files\/2013\/07\/gfc_tactical_hdr_shield_black_015_tn.jpg 630w, http:\/\/www.airsoft.nu\/recensioner\/files\/2013\/07\/gfc_tactical_hdr_shield_black_015_tn-300x200.jpg 300w\" sizes=\"(max-width: 630px) 100vw, 630px\" \/><\/a><\/p>\n<p style=\"text-align: left;\">Utan att egentligen ta i speciellt h\u00e5rt n\u00e4r handskarna drogs p\u00e5 h\u00e4nderna genom att dra i neopren-materialet p\u00e5 undersidan av handskarna s\u00e5 sprack s\u00f6mmarna och p\u00e5 b\u00e5da handskarna. H\u00e5let kan \u00e4ven ses p\u00e5 bilden ovan.<\/p>\n<p style=\"text-align: left;\">I neoprenmaterial s\u00e5 borde det ha sytts dit n\u00e5gon form av ribstop f\u00f6r nu blir h\u00e5let st\u00f6rre och st\u00f6rre varje g\u00e5ng det dras i kragen vid det d\u00e4r omr\u00e5det. Gunfire har f\u00f6rt vidare detta till sin leverant\u00f6r som kommer f\u00f6rb\u00e4ttra detta.<\/p>\n<h1 style=\"text-align: left;\">Slutsats<\/h1>\n<p style=\"text-align: left;\">Handskarna Heavy Duty Ready Black fr\u00e5n GFC Tactical (Gunfire) ser bra ut, sitter bra p\u00e5 h\u00e4nderna n\u00e4stan s\u00e5 man inte t\u00e4nker p\u00e5 att man har dem p\u00e5 sig. L\u00e4dret p\u00e5 handsken vid handflatan g\u00f6r att friktionen blir h\u00f6g och det man har i hand (airsoftvapen, magasin etc) inte riskerar att glida ur.<br \/>\nAtt b\u00e5da handskarna gick s\u00f6nder \u00e4r lite orov\u00e4ckande men det \u00e4r bra att Gunfire har tagit detta p\u00e5 st\u00f6rsta allvar och framf\u00f6rt det till sin tillverkare av handskarna s\u00e5 de kommer troligen f\u00f6rst\u00e4rkas i det partiet. Ut\u00f6ver detta har ingenting annat g\u00e5tt s\u00f6nder \u00e4n.<\/p>\n<p style=\"text-align: left;\">Letar du efter stridshandskar med knogf\u00f6rst\u00e4rkning s\u00e5 \u00e4r GFC Tactical HDR Shield ett helt ok alternativ.<\/p>\n<p style=\"text-align: left;\">I detta test s\u00e5 har vi inte j\u00e4mf\u00f6rt denna modell med andra modeller ur Heavy Duty Ready-serien eller med andra fabrikat ute p\u00e5 marknaden, s\u00e5 det vi tycker utg\u00e5r helt fr\u00e5n denna produkt.<\/p>\n<p style=\"text-align: left;\">I Gunfires egen webshop kostar handskarna \u20ac 16,83 (ca 150kr) exkl frakt.<\/p>\n<p style=\"text-align: left;\"><a href=\"http:\/\/gunfire.pl\/product-eng-1152198081-Rekawice-taktyczne-HDR-Shield-Black.html\" target=\"_blank\">http:\/\/gunfire.pl\/product-eng-1152198081-Rekawice-taktyczne-HDR-Shield-Black.html<\/a><\/p>\n<p style=\"text-align: left;\">Det finns n\u00e5gra enstaka butiker i Sverige som s\u00e4ljer dessa ocks\u00e5.<\/p>\n<blockquote>\n<p style=\"text-align: left;\">Denna recension \u00e4r utf\u00f6rd och skriven av Daniel.<br \/>\nGFC Tactical (varum\u00e4rke fr\u00e5n <a href=\"http:\/\/www.gunfire.pl\" target=\"_blank\">Gunfire<\/a>) har f\u00f6rsett Airsoft.nu med produkten.<\/p>\n<\/blockquote>\n","protected":false},"excerpt":{"rendered":"<p>Polska Gunfire har genom sitt varum\u00e4rke GFC Tactical lanserat en serie med olika stridshandskar som heter Heavy Duty Ready. I serien finns bland annat Shield, Accuracy och Shooter, vi har testat handskarna Shield i svart f\u00e4rg men dessa finns \u00e4ven som olivf\u00e4rgade men med svarta inslag. \u00a0Read the GFC Tactical HDR Shield\u00a0review in English Inneh\u00e5ll [&hellip;]<\/p>\n","protected":false},"author":3,"featured_media":0,"parent":0,"menu_order":0,"comment_status":"open","ping_status":"open","template":"","meta":{"footnotes":""},"class_list":["post-1576","page","type-page","status-publish","hentry"],"_links":{"self":[{"href":"http:\/\/www.airsoft.nu\/recensioner\/wp-json\/wp\/v2\/pages\/1576","targetHints":{"allow":["GET"]}}],"collection":[{"href":"http:\/\/www.airsoft.nu\/recensioner\/wp-json\/wp\/v2\/pages"}],"about":[{"href":"http:\/\/www.airsoft.nu\/recensioner\/wp-json\/wp\/v2\/types\/page"}],"author":[{"embeddable":true,"href":"http:\/\/www.airsoft.nu\/recensioner\/wp-json\/wp\/v2\/users\/3"}],"replies":[{"embeddable":true,"href":"http:\/\/www.airsoft.nu\/recensioner\/wp-json\/wp\/v2\/comments?post=1576"}],"version-history":[{"count":28,"href":"http:\/\/www.airsoft.nu\/recensioner\/wp-json\/wp\/v2\/pages\/1576\/revisions"}],"predecessor-version":[{"id":1649,"href":"http:\/\/www.airsoft.nu\/recensioner\/wp-json\/wp\/v2\/pages\/1576\/revisions\/1649"}],"wp:attachment":[{"href":"http:\/\/www.airsoft.nu\/recensioner\/wp-json\/wp\/v2\/media?parent=1576"}],"curies":[{"name":"wp","href":"https:\/\/api.w.org\/{rel}","templated":true}]}}