{"id":1824,"date":"2017-02-26T20:37:38","date_gmt":"2017-02-26T19:37:38","guid":{"rendered":"http:\/\/www.airsoft.nu\/recensioner\/?page_id=1824"},"modified":"2017-02-26T20:42:00","modified_gmt":"2017-02-26T19:42:00","slug":"ics-ble-alpha","status":"publish","type":"page","link":"http:\/\/www.airsoft.nu\/recensioner\/ics-ble-alpha\/","title":{"rendered":"ICS BLE Alpha"},"content":{"rendered":"<p><img decoding=\"async\" class=\"aligncenter size-full wp-image-1869\" src=\"http:\/\/www.airsoft.nu\/recensioner\/files\/2017\/02\/ics_ble_alpha.jpg\" alt=\"\" width=\"630\" height=\"310\" srcset=\"http:\/\/www.airsoft.nu\/recensioner\/files\/2017\/02\/ics_ble_alpha.jpg 630w, http:\/\/www.airsoft.nu\/recensioner\/files\/2017\/02\/ics_ble_alpha-300x148.jpg 300w\" sizes=\"(max-width: 630px) 100vw, 630px\" \/><\/p>\n<p><strong>Tillverkaren ICS i Taiwan lanserade pistolserien BLE Alpha (Black Leopard Eye) under 2016 och \u00e4r deras f\u00f6rsta airsoftpistoler.<\/strong><\/p>\n<p><span style=\"font-weight: 400;\"><strong>ICS \u00e4r mest k\u00e4nda f\u00f6r deras 2-delade gearbox som gjorde livet lekande l\u00e4tt f\u00f6r dem som ville mecka eller byta ut fj\u00e4derstyrkan snabbt. H\u00e5ller BLE Alpha, tillverkarens\u00a0traditionella pr\u00e4gel?<\/strong><\/span><\/p>\n<p>I BLE\u00a0Alpha-serien ing\u00e5r i dagsl\u00e4get fyra stycken pistoler. Svart [BLE-001-SB],\u00a0tan\u00a0[BLE-001-ST] svart\/tan [BLE-001-SD3] och tan\/svart [BLE-001-SD4].<\/p>\n<p>Detta \u00e5r (2017) kommer ICS lansera pistolserien BLE-XAE.<\/p>\n<h1><b>Inneh\u00e5ll<\/b><br \/>\n<!--\n<a href=\"http:\/\/www.airsoft.nu\/recensioner\/files\/2017\/02\/Photo-2017-02-06-20-40-18.jpg\" rel=\"lightbox\"><img decoding=\"async\" class=\"alignnone size-large wp-image-1802\" src=\"http:\/\/www.airsoft.nu\/recensioner\/files\/2017\/02\/Photo-2017-02-06-20-40-18-1024x768.jpg\" alt=\"\" width=\"310\" srcset=\"http:\/\/www.airsoft.nu\/recensioner\/files\/2017\/02\/Photo-2017-02-06-20-40-18.jpg 1024w, http:\/\/www.airsoft.nu\/recensioner\/files\/2017\/02\/Photo-2017-02-06-20-40-18-300x225.jpg 300w, http:\/\/www.airsoft.nu\/recensioner\/files\/2017\/02\/Photo-2017-02-06-20-40-18-768x576.jpg 768w\" sizes=\"(max-width: 1024px) 100vw, 1024px\" \/><\/a>\u00a0<a href=\"http:\/\/www.airsoft.nu\/recensioner\/files\/2017\/02\/Photo-2017-02-06-20-40-07.jpg\" rel=\"lightbox\"><img decoding=\"async\" class=\"alignnone size-large wp-image-1801\" src=\"http:\/\/www.airsoft.nu\/recensioner\/files\/2017\/02\/Photo-2017-02-06-20-40-07-1024x768.jpg\" alt=\"\" width=\"310\" srcset=\"http:\/\/www.airsoft.nu\/recensioner\/files\/2017\/02\/Photo-2017-02-06-20-40-07.jpg 1024w, http:\/\/www.airsoft.nu\/recensioner\/files\/2017\/02\/Photo-2017-02-06-20-40-07-300x225.jpg 300w, http:\/\/www.airsoft.nu\/recensioner\/files\/2017\/02\/Photo-2017-02-06-20-40-07-768x576.jpg 768w\" sizes=\"(max-width: 1024px) 100vw, 1024px\" \/><\/a>\n--><\/h1>\n<p><span style=\"font-weight: 400;\">I l\u00e5dan inneh\u00e5lles pistolen, en extra backstrap och dejamming rod. Ut\u00f6ver det f\u00e5r man \u00e4ven en instruktionsbok om alla funktioner om vapnet samt allt matnyttigt man skulle vilja veta om de interna delarna och hur man hanterar pistolen. P\u00e5 l\u00e5dan ser vi \u00e4ven att det finns m\u00e4rkning f\u00f6r CO2 magasin som f\u00f6rhoppningsvis kommer ut i framtiden.<\/span><\/p>\n<h1><b>Byggkvalit\u00e9 och funktionalitet<\/b><\/h1>\n<p><span style=\"font-weight: 400;\">Manteln \u00e4r i metall och greppet \u00e4r av nylonf\u00f6rst\u00e4rkt polymer. Det som sl\u00e5r mig direkt n\u00e4r jag plockar upp den \u00e4r att det inte \u00e4r n\u00e5got alls som rasslar n\u00e4r jag v\u00e4nder p\u00e5 pistolen. Toleranserna p\u00e5 pistolen \u00e4r precis d\u00e4r de beh\u00f6ver vara. \u00a0Spelet mellan mantel och underbeslag \u00e4r minimal och ger precis det utrymme som kr\u00e4vs att manteln ska kunna flytta p\u00e5 sig felfritt.<\/span><\/p>\n<p><span style=\"font-weight: 400;\">N\u00e4r man v\u00e4l sl\u00e4pper manteln f\u00f6rsta g\u00e5ngen k\u00e4nner man \u00e4ven att rekylfj\u00e4dern \u00e4r lite styvare \u00e4n vad man normalt \u00e4r van vid och ger en ordentlig kick fram\u00e5t n\u00e4r den sl\u00e4pps.<\/span><\/p>\n<p><span style=\"font-weight: 400;\">Manteln har front och bakre sikte som har m\u00e5lade prickar i vit f\u00e4rg. Black Leopard Eye texten pryder b\u00e5de h\u00f6ger och v\u00e4nster sida d\u00e4r \u00e4ven logotypen finns p\u00e5 den v\u00e4nstra tillsammans med ALPHA och 6mm kalibern. Underbeslaget har logotypen p\u00e5 b\u00e5da sidor av magasinsbrunnen och ett serienummer precis ovanf\u00f6r railen p\u00e5 h\u00f6ger sida. Railen \u00e4r av en mer vanlig picatinny utformning \u00e4n ett v\u00e4ldigt specifik pistolhack.<\/span><\/p>\n<p><a href=\"http:\/\/www.airsoft.nu\/recensioner\/files\/2017\/02\/Photo-2017-02-06-20-40-23.jpg\" rel=\"lightbox\"><img decoding=\"async\" class=\"alignnone size-large wp-image-1803\" src=\"http:\/\/www.airsoft.nu\/recensioner\/files\/2017\/02\/Photo-2017-02-06-20-40-23-1024x768.jpg\" alt=\"\" width=\"310\" srcset=\"http:\/\/www.airsoft.nu\/recensioner\/files\/2017\/02\/Photo-2017-02-06-20-40-23.jpg 1024w, http:\/\/www.airsoft.nu\/recensioner\/files\/2017\/02\/Photo-2017-02-06-20-40-23-300x225.jpg 300w, http:\/\/www.airsoft.nu\/recensioner\/files\/2017\/02\/Photo-2017-02-06-20-40-23-768x576.jpg 768w\" sizes=\"(max-width: 1024px) 100vw, 1024px\" \/><\/a> <a href=\"http:\/\/www.airsoft.nu\/recensioner\/files\/2017\/02\/Photo-2017-02-06-20-40-35.jpg\" rel=\"lightbox\"><img decoding=\"async\" class=\"alignnone size-large wp-image-1804\" src=\"http:\/\/www.airsoft.nu\/recensioner\/files\/2017\/02\/Photo-2017-02-06-20-40-35-1024x768.jpg\" alt=\"\" width=\"310\" srcset=\"http:\/\/www.airsoft.nu\/recensioner\/files\/2017\/02\/Photo-2017-02-06-20-40-35.jpg 1024w, http:\/\/www.airsoft.nu\/recensioner\/files\/2017\/02\/Photo-2017-02-06-20-40-35-300x225.jpg 300w, http:\/\/www.airsoft.nu\/recensioner\/files\/2017\/02\/Photo-2017-02-06-20-40-35-768x576.jpg 768w\" sizes=\"(max-width: 1024px) 100vw, 1024px\" \/><\/a><br \/>\n<a href=\"http:\/\/www.airsoft.nu\/recensioner\/files\/2017\/02\/Photo-2017-02-06-20-40-46.jpg\" rel=\"lightbox\"><img decoding=\"async\" class=\"alignnone size-large wp-image-1805\" src=\"http:\/\/www.airsoft.nu\/recensioner\/files\/2017\/02\/Photo-2017-02-06-20-40-46-1024x768.jpg\" alt=\"\" width=\"310\" srcset=\"http:\/\/www.airsoft.nu\/recensioner\/files\/2017\/02\/Photo-2017-02-06-20-40-46.jpg 1024w, http:\/\/www.airsoft.nu\/recensioner\/files\/2017\/02\/Photo-2017-02-06-20-40-46-300x225.jpg 300w, http:\/\/www.airsoft.nu\/recensioner\/files\/2017\/02\/Photo-2017-02-06-20-40-46-768x576.jpg 768w\" sizes=\"(max-width: 1024px) 100vw, 1024px\" \/><\/a>\u00a0<a href=\"http:\/\/www.airsoft.nu\/recensioner\/files\/2017\/02\/Photo-2017-02-06-20-47-57.jpg\" rel=\"lightbox\"><img decoding=\"async\" class=\"alignnone size-large wp-image-1816\" src=\"http:\/\/www.airsoft.nu\/recensioner\/files\/2017\/02\/Photo-2017-02-06-20-47-57-1024x768.jpg\" alt=\"\" width=\"310\" srcset=\"http:\/\/www.airsoft.nu\/recensioner\/files\/2017\/02\/Photo-2017-02-06-20-47-57.jpg 1024w, http:\/\/www.airsoft.nu\/recensioner\/files\/2017\/02\/Photo-2017-02-06-20-47-57-300x225.jpg 300w, http:\/\/www.airsoft.nu\/recensioner\/files\/2017\/02\/Photo-2017-02-06-20-47-57-768x576.jpg 768w\" sizes=\"(max-width: 1024px) 100vw, 1024px\" \/><\/a><\/p>\n<p><span style=\"font-weight: 400;\">Funktionaliteten av denna pistol \u00e4r att den \u00e4r riktad att kunna anv\u00e4ndas likadant av b\u00e5de h\u00f6ger- och v\u00e4nster-skyttar d\u00e4r magasinsknapp och manteln kan sl\u00e4ppas p\u00e5 b\u00e5de h\u00f6ger och v\u00e4nster. De enda knapparna som endast \u00e4r p\u00e5 en sida \u00e4r take-down \u201cst\u00e5ngen\u201d och s\u00e4kringsknappen. Dock \u00e4r de inte de stora problemen d\u00e5 de endast ska anv\u00e4ndas f\u00f6re och efter spel. Det finns en inbyggd s\u00e4kring i avtryckaren d\u00e4r om man inte trycker r\u00e4tt s\u00e5 kommer avtryckaren inte kunna \u00e5ka tillbaka.<\/span><\/p>\n<p><span style=\"font-weight: 400;\">Magasinet \u00e4r mestadels gjort i metall. De enda delarna i plast \u00e4r matningsl\u00e4pparna, bottenplattan, followern och den lilla biten som h\u00e5ller bottenplattan. Bottenplattan har ett h\u00e5l i sig f\u00f6r att man ska enkelt kunna fylla p\u00e5 med gas till ventilen, som \u00e4r p\u00e5 undersidan av magasinet. Vad som sl\u00e5r mig p\u00e5 magasinet som \u00e4r lite annorlunda fr\u00e5n det vanliga \u00e4r att bottenplattan med ventil \u00e4r i skruvad direkt i magasinskroppen. Vanligen brukar det vara en enkel skruv eller pinnar som h\u00e5ller s\u00e5dant p\u00e5 plats, dock har det ocks\u00e5 lett till att det vanligaste problemet med magasin var att hela bottenplattan l\u00e4ckte gas. BLE:n har ett mer traditionellt utseende till kolsyremagasin \u00e4ven med gasmagasinet.<\/span><\/p>\n<p><a href=\"http:\/\/www.airsoft.nu\/recensioner\/files\/2017\/02\/Photo-2017-02-06-20-41-06.jpg\" rel=\"lightbox\"><img decoding=\"async\" class=\"alignnone size-large wp-image-1806\" src=\"http:\/\/www.airsoft.nu\/recensioner\/files\/2017\/02\/Photo-2017-02-06-20-41-06-1024x768.jpg\" alt=\"\" width=\"310\" srcset=\"http:\/\/www.airsoft.nu\/recensioner\/files\/2017\/02\/Photo-2017-02-06-20-41-06.jpg 1024w, http:\/\/www.airsoft.nu\/recensioner\/files\/2017\/02\/Photo-2017-02-06-20-41-06-300x225.jpg 300w, http:\/\/www.airsoft.nu\/recensioner\/files\/2017\/02\/Photo-2017-02-06-20-41-06-768x576.jpg 768w\" sizes=\"(max-width: 1024px) 100vw, 1024px\" \/><\/a>\u00a0<a href=\"http:\/\/www.airsoft.nu\/recensioner\/files\/2017\/02\/Photo-2017-02-06-20-41-30.jpg\" rel=\"lightbox\"><img decoding=\"async\" class=\"alignnone size-large wp-image-1807\" src=\"http:\/\/www.airsoft.nu\/recensioner\/files\/2017\/02\/Photo-2017-02-06-20-41-30-1024x768.jpg\" alt=\"\" width=\"310\" srcset=\"http:\/\/www.airsoft.nu\/recensioner\/files\/2017\/02\/Photo-2017-02-06-20-41-30.jpg 1024w, http:\/\/www.airsoft.nu\/recensioner\/files\/2017\/02\/Photo-2017-02-06-20-41-30-300x225.jpg 300w, http:\/\/www.airsoft.nu\/recensioner\/files\/2017\/02\/Photo-2017-02-06-20-41-30-768x576.jpg 768w\" sizes=\"(max-width: 1024px) 100vw, 1024px\" \/><\/a><br \/>\n<a href=\"http:\/\/www.airsoft.nu\/recensioner\/files\/2017\/02\/Photo-2017-02-06-20-42-46.jpg\" rel=\"lightbox\"><img decoding=\"async\" class=\"alignnone size-large wp-image-1808\" src=\"http:\/\/www.airsoft.nu\/recensioner\/files\/2017\/02\/Photo-2017-02-06-20-42-46-1024x768.jpg\" alt=\"\" width=\"310\" srcset=\"http:\/\/www.airsoft.nu\/recensioner\/files\/2017\/02\/Photo-2017-02-06-20-42-46.jpg 1024w, http:\/\/www.airsoft.nu\/recensioner\/files\/2017\/02\/Photo-2017-02-06-20-42-46-300x225.jpg 300w, http:\/\/www.airsoft.nu\/recensioner\/files\/2017\/02\/Photo-2017-02-06-20-42-46-768x576.jpg 768w\" sizes=\"(max-width: 1024px) 100vw, 1024px\" \/><\/a>\u00a0<a href=\"http:\/\/www.airsoft.nu\/recensioner\/files\/2017\/02\/Photo-2017-02-06-20-42-54.jpg\" rel=\"lightbox\"><img decoding=\"async\" class=\"alignnone size-large wp-image-1809\" src=\"http:\/\/www.airsoft.nu\/recensioner\/files\/2017\/02\/Photo-2017-02-06-20-42-54-1024x768.jpg\" alt=\"\" width=\"310\" srcset=\"http:\/\/www.airsoft.nu\/recensioner\/files\/2017\/02\/Photo-2017-02-06-20-42-54.jpg 1024w, http:\/\/www.airsoft.nu\/recensioner\/files\/2017\/02\/Photo-2017-02-06-20-42-54-300x225.jpg 300w, http:\/\/www.airsoft.nu\/recensioner\/files\/2017\/02\/Photo-2017-02-06-20-42-54-768x576.jpg 768w\" sizes=\"(max-width: 1024px) 100vw, 1024px\" \/><\/a><\/p>\n<p><span style=\"font-weight: 400;\">Dock har vi inte f\u00e5tt h\u00f6ra av n\u00e5gon att det ska finnas kolsyremagasin, men utformningen av magasinen s\u00e4ger att det kommer att finnas. Sedan att det fanns en liten kryssl\u00e5da p\u00e5 f\u00f6rpackningen som \u00e4ven hade kolsyra som f\u00f6rval hade ocks\u00e5 en viss inverkan i v\u00e5rt journalistiska sinne.<\/span><\/p>\n<h1><b>Produktspecifikationer<\/b><\/h1>\n<p><span style=\"font-weight: 400;\">L\u00e4ngd: 186mm<br \/>\n<\/span><span style=\"font-weight: 400;\">Pipl\u00e4ngd: 85.5mm<br \/>\n<\/span><span style=\"font-weight: 400;\">Vikt: 665g<br \/>\n<\/span><span style=\"font-weight: 400;\">Utg\u00e5ngshastighet: 90 m\/s (295fps) (beroende av gas och temperatur)<br \/>\n<\/span><span style=\"font-weight: 400;\">Kaliber: 6mm<br \/>\n<\/span><span style=\"font-weight: 400;\">Magasin: 1 st \u00e1 24 kulor<br \/>\n<\/span><span style=\"font-weight: 400;\">Material: Nylonf\u00f6rst\u00e4rkt polymer<br \/>\n<\/span><span style=\"font-weight: 400;\">Mantelns material: gjuten aluminium<br \/>\n<\/span><span style=\"font-weight: 400;\">Eldv\u00e4ljare: Semi-Automatisk \/ S\u00e4krad<br \/>\n<\/span><span style=\"font-weight: 400;\">Hop-up: VSR gummi<\/span><\/p>\n<p>(tagna fr\u00e5n <a href=\"http:\/\/www.jbbguns.se\/\" target=\"_blank\">JBBguns.se<\/a>)<\/p>\n<h1><b>F\u00e4lttest<\/b><\/h1>\n<p>Utomhus: Temperaturen vid test var +2 grader i luften med inte vidare mycket till direkt solljus. Jag provade pistolen tillsammans med en Guarder Green Gas 1000 som \u00e4r en traditionell Green Gas. Dock jag endast hade ett magasin att anv\u00e4nda och vid snabba skott gjorde sig kylan v\u00e4ldigt p\u00e5mind. Jag anv\u00e4nde tiden att skjuta in hop-upen och f\u00e5 den n\u00e5gorlunda rak. Jag kommer f\u00e5 \u00e5terbes\u00f6ka detta n\u00e4r v\u00e4dret till\u00e5ter mig. Sk\u00f6ts in p\u00e5 en cirka 25 meter.<\/p>\n<p>Inomhus: Temperaturen ca 21 grader med ett magasin som var cirka halvfyllt ute i det kalla v\u00e4dret. Fick ut 2,5 magasin av den fyllningen fr\u00e5n ute testet. Avtryckaren har 2 steg d\u00e4r man har inte mycket till motst\u00e5nd i cirka 1cm och sedan kommer man fram till &#8221;v\u00e4ggen&#8221; d\u00e4r man k\u00e4nner att man \u00e4r n\u00e4ra p\u00e5 att avfyra. Mellan v\u00e4ggen och avlossandet \u00e4r det inte mycket d\u00e4r jag beh\u00f6ver pressa av s\u00e4rskilt mycket. Efter att man f\u00e5tt iv\u00e4g skottet s\u00e5 beh\u00f6ver man endast \u00e5terst\u00e4lla avtryckaren till &#8221;v\u00e4ggen&#8221; igen f\u00f6r att f\u00e5 iv\u00e4g n\u00e4sta plastkula. Vad detta inneb\u00e4r \u00e4r att du kan tr\u00e4na in dig med pistolen f\u00f6r att kunna f\u00e5 iv\u00e4g skotten riktigt snabbt d\u00e5 den styva rekylfj\u00e4dern som finns i pistolen hj\u00e4lper att f\u00e5 tillbaka manteln p\u00e5 plats p\u00e5 ett \u00f6gonblick.<\/p>\n<h1><b>Slutsatser<\/b><\/h1>\n<p><img decoding=\"async\" class=\"alignnone wp-image-1817 size-large\" src=\"http:\/\/www.airsoft.nu\/recensioner\/files\/2017\/02\/Photo-2017-02-06-20-54-28-1024x768.jpg\" width=\"630\" srcset=\"http:\/\/www.airsoft.nu\/recensioner\/files\/2017\/02\/Photo-2017-02-06-20-54-28.jpg 1024w, http:\/\/www.airsoft.nu\/recensioner\/files\/2017\/02\/Photo-2017-02-06-20-54-28-300x225.jpg 300w, http:\/\/www.airsoft.nu\/recensioner\/files\/2017\/02\/Photo-2017-02-06-20-54-28-768x576.jpg 768w\" sizes=\"(max-width: 1024px) 100vw, 1024px\" \/><\/p>\n<p><span style=\"font-weight: 400;\">F\u00f6r att vara en av ICS f\u00f6rsta pistoler \u00e4r den v\u00e4ldigt gedigen. Allt fr\u00e5n toleranserna till funktionalitet s\u00e5 \u00e4r den v\u00e4l genomt\u00e4nkt. Utformningen k\u00e4nns modern d\u00e4r det syns att de tagit inspiration av en modern pistol. Finishen p\u00e5 metallen \u00e4r v\u00e4ldigt bra d\u00e5 den g\u00e5tt igenom 200 skott och ett otaligt antal mantelr\u00f6relser, men pipans finish \u00e4r fortfarande med minimalt slitage.<\/span><\/p>\n<p><span style=\"font-weight: 400;\">Den sitter bra i handen med b\u00e5da backstraps som medf\u00f6ljer och g\u00e5r som en klocka d\u00e4r jag inte hade ett enda problem med matningen. Hop-upen h\u00e5ller m\u00e5ttet f\u00f6r avst\u00e5nden som man vanligtvis anv\u00e4nder pistoler (CQB upp till 20-25 meter).<\/span><\/p>\n<p><span style=\"font-weight: 400;\">Vad jag personligen saknar \u00e4r att veta om pistolen \u00e4r uppsp\u00e4nd eller inte. Det finns flera pistoler idag g\u00f6r att avtryckaren inte kommer fram om inte manteln har dragits tillbaka efter sista avtrycket, detta f\u00f6r att indikera att en kula har inte laddats.<\/span><\/p>\n<p><span style=\"font-weight: 400;\">\u00c4ven d\u00e5 det \u00e4r en r\u00e4tt ny pistol s\u00e5 finns det inte n\u00e5gra h\u00f6lster direkt gjord f\u00f6r specifikt denna pistol, men d\u00e5 den p\u00e5minner om en FNC FNS-9 s\u00e5 skulle den kunna passa i ett s\u00e5dant h\u00f6lster, men vi hade inget att tillg\u00e5 f\u00f6r att testa.<\/span><\/p>\n<p>Jag kommer\u00a0vilja \u00e5terbes\u00f6ka hastighetstestet utomhus n\u00e4r\u00a0jag f\u00e5r chansen att anv\u00e4nda vapnet i en varmare temperatur. Men i \u00f6vrigt passar denna pistolen f\u00f6r att\u00a0anv\u00e4ndas av b\u00e5de nyb\u00f6rjare och erfarna spelare.<\/p>\n<blockquote><p>Butiken JBBGuns.se har tillhandah\u00e5llit pistolen (BLE-001-SB)\u00a0f\u00f6r att vi skulle se vad vi tyckte om den och se om den kan m\u00e4ta sig med andra m\u00e4rken som sl\u00e4pper GBB:er.<\/p>\n<p>Det \u00e4r Fredrik som har genomf\u00f6rt recensionen.<\/p><\/blockquote>\n","protected":false},"excerpt":{"rendered":"<p>Tillverkaren ICS i Taiwan lanserade pistolserien BLE Alpha (Black Leopard Eye) under 2016 och \u00e4r deras f\u00f6rsta airsoftpistoler. ICS \u00e4r mest k\u00e4nda f\u00f6r deras 2-delade gearbox som gjorde livet lekande l\u00e4tt f\u00f6r dem som ville mecka eller byta ut fj\u00e4derstyrkan snabbt. H\u00e5ller BLE Alpha, tillverkarens\u00a0traditionella pr\u00e4gel? I BLE\u00a0Alpha-serien ing\u00e5r i dagsl\u00e4get fyra stycken pistoler. Svart [&hellip;]<\/p>\n","protected":false},"author":13,"featured_media":0,"parent":0,"menu_order":0,"comment_status":"closed","ping_status":"closed","template":"longread.php","meta":{"footnotes":""},"class_list":["post-1824","page","type-page","status-publish","hentry"],"_links":{"self":[{"href":"http:\/\/www.airsoft.nu\/recensioner\/wp-json\/wp\/v2\/pages\/1824","targetHints":{"allow":["GET"]}}],"collection":[{"href":"http:\/\/www.airsoft.nu\/recensioner\/wp-json\/wp\/v2\/pages"}],"about":[{"href":"http:\/\/www.airsoft.nu\/recensioner\/wp-json\/wp\/v2\/types\/page"}],"author":[{"embeddable":true,"href":"http:\/\/www.airsoft.nu\/recensioner\/wp-json\/wp\/v2\/users\/13"}],"replies":[{"embeddable":true,"href":"http:\/\/www.airsoft.nu\/recensioner\/wp-json\/wp\/v2\/comments?post=1824"}],"version-history":[{"count":47,"href":"http:\/\/www.airsoft.nu\/recensioner\/wp-json\/wp\/v2\/pages\/1824\/revisions"}],"predecessor-version":[{"id":1873,"href":"http:\/\/www.airsoft.nu\/recensioner\/wp-json\/wp\/v2\/pages\/1824\/revisions\/1873"}],"wp:attachment":[{"href":"http:\/\/www.airsoft.nu\/recensioner\/wp-json\/wp\/v2\/media?parent=1824"}],"curies":[{"name":"wp","href":"https:\/\/api.w.org\/{rel}","templated":true}]}}