{"id":536,"date":"2012-01-17T01:58:43","date_gmt":"2012-01-16T23:58:43","guid":{"rendered":"http:\/\/www.airsoft.nu\/recensioner\/?page_id=536"},"modified":"2012-01-21T03:16:32","modified_gmt":"2012-01-21T01:16:32","slug":"speed-m4m16-tool","status":"publish","type":"page","link":"http:\/\/www.airsoft.nu\/recensioner\/speed-m4m16-tool\/","title":{"rendered":"SPEED M4\/M16 Tool"},"content":{"rendered":"<p style=\"text-align: left;\"><img decoding=\"async\" class=\"aligncenter size-full wp-image-534\" title=\"SPEED Airsoft M4\/M16 Tool\" src=\"http:\/\/www.airsoft.nu\/recensioner\/files\/2012\/01\/speed_m4m16_tool.jpg\" alt=\"SPEED Airsoft M4\/M16 Tool\" width=\"630\" height=\"310\" \/>Det kanadensiska f\u00f6retaget SPEED Airsoft har specialiserat sig p\u00e5 olika innovativa verktyg (Pro tools) och delar till airsoftvapen. Vi har testat verktygen <em><a title=\"SPEED Delta ring wrench\" href=\"http:\/\/www.airsoft.nu\/recensioner\/speed-delta-ring-wrench\/\">SPEED Delta Ring Wrench<\/a> (#SA2068)<\/em>, <em><a title=\"SPEED M4\/M16 Tool\" href=\"http:\/\/www.airsoft.nu\/recensioner\/speed-m4m16-tool\/\">SPEED M4\/M16 Tool<\/a> (#SA2096)<\/em> samt <em><a title=\"SPEED Adjustable Nut Wrench\" href=\"http:\/\/www.airsoft.nu\/recensioner\/speed-adjustable-nut-wrench\/\">SPEED Adjustable Nut Wrench<\/a> (#SA2078)<\/em>. Verktygen \u00e4r utformade till M4\/M16-vapen.<\/p>\n<p><span style=\"color: #333333;\"><a title=\"Read the SPEED M4\/M16 Tool review in English\" href=\"http:\/\/www.airsoft.nu\/reviews\/speed-m4m16-tool\/\"><span style=\"color: #333333;\"><img decoding=\"async\" title=\"Read the SPEED M4\/M16 Tool review in English\" src=\"http:\/\/www.airsoft.nu\/images\/flags\/gb.gif\" alt=\"Read the SPEED M4\/M16 Tool review in English\" width=\"16\" height=\"11\" \/> Read the SPEED M4\/M16 Tool review in English<\/span><\/a><\/span><\/p>\n<h2>Inneh\u00e5ll<\/h2>\n<table style=\"width: 630;\" cellspacing=\"0\" cellpadding=\"0\">\n<tbody>\n<tr>\n<td style=\"width: 49%;\"><a title=\"Verktyget kommer i en plastf\u00f6rpackning.\" href=\"http:\/\/www.airsoft.nu\/recensioner\/files\/2012\/01\/speed_m4m16_tool_002.jpg\" rel=\"lightbox\"><img decoding=\"async\" class=\"alignleft\" title=\"Verktyget kommer i en plastf\u00f6rpackning.\" src=\"http:\/\/www.airsoft.nu\/recensioner\/files\/2012\/01\/speed_m4m16_tool_002_tn.jpg\" alt=\"Verktyget kommer i en plastf\u00f6rpackning.\" width=\"312\" height=\"208\" \/><\/a><\/td>\n<td style=\"width: 49%;\"><a title=\"P\u00e5 baksidan finns det information om verktyget och vad det anv\u00e4nds till.\" href=\"http:\/\/www.airsoft.nu\/recensioner\/files\/2012\/01\/speed_airsoft_delta_ring_wrench_003.jpg\" rel=\"lightbox\"><img decoding=\"async\" class=\"alignright\" title=\"P\u00e5 baksidan finns det information om verktyget och vad det anv\u00e4nds till.\" src=\"http:\/\/www.airsoft.nu\/recensioner\/files\/2012\/01\/speed_airsoft_delta_ring_wrench_003_tn.jpg\" alt=\"P\u00e5 baksidan finns det information om verktyget och vad det anv\u00e4nds till.\" width=\"312\" height=\"208\" \/><\/a><\/td>\n<\/tr>\n<\/tbody>\n<\/table>\n<p>Verktyget kommer i en plastf\u00f6rpackning. P\u00e5 baksidan finns det information om verktyget och vad det anv\u00e4nds till.<\/p>\n<h2>Utseende och Byggkvalitet<\/h2>\n<table style=\"width: 630;\" cellspacing=\"0\" cellpadding=\"0\">\n<tbody>\n<tr>\n<td style=\"width: 49%;\"><a title=\"SPEED M4\/M16 framifr\u00e5n.\" href=\"http:\/\/www.airsoft.nu\/recensioner\/files\/2012\/01\/speed_m4m16_tool_004.jpg\" rel=\"lightbox\"><img decoding=\"async\" class=\"alignleft\" title=\"SPEED M4\/M16 Tool framifr\u00e5n.\" src=\"http:\/\/www.airsoft.nu\/recensioner\/files\/2012\/01\/speed_m4m16_tool_004_tn.jpg\" alt=\"SPEED M4\/M16 Tool framifr\u00e5n.\" width=\"312\" height=\"208\" \/><\/a><\/td>\n<td style=\"width: 49%;\"><a title=\"SPEED M4\/M16 Tool bakifr\u00e5n.\" href=\"http:\/\/www.airsoft.nu\/recensioner\/files\/2012\/01\/speed_m4m16_tool_005.jpg\" rel=\"lightbox\"><img decoding=\"async\" class=\"alignright\" title=\"SPEED M4\/M16 Tool bakifr\u00e5n.\" src=\"http:\/\/www.airsoft.nu\/recensioner\/files\/2012\/01\/speed_m4m16_tool_005.jpg\" alt=\"SPEED M4\/M16 Tool bakifr\u00e5n.\" width=\"312\" height=\"208\" \/><\/a><\/td>\n<\/tr>\n<\/tbody>\n<\/table>\n<p>Detta verktyg \u00e4r till f\u00f6r att p\u00e5 ett smidigt s\u00e4tt skjuta ut sprintarna som h\u00e5ller fast \u00f6ver och underbeslag i varandra samt trycka ner magasin-knappen n\u00e4r man vid behov beh\u00f6ver lossa p\u00e5 den.<\/p>\n<p>Verktyget \u00e4r tillverkat i aluminium som blivit utsvarvat av CNC-maskin och de delar som har kontakt med sprintarna \u00e4r tillverkat i h\u00e5rd plast.<\/p>\n<p>Plastdetaljerna g\u00f6r att det inte blir n\u00e5gra m\u00e4rken i vapenkroppen eller sprintarna.<\/p>\n<table style=\"width: 630;\" cellspacing=\"0\" cellpadding=\"0\">\n<tbody>\n<tr>\n<td style=\"width: 49%;\"><a title=\"N\u00e4rbild av den delen man trycker ut sprintarna med.\" href=\"http:\/\/www.airsoft.nu\/recensioner\/files\/2012\/01\/speed_m4m16_tool_006.jpg\" rel=\"lightbox\"><img decoding=\"async\" class=\"alignleft\" title=\"N\u00e4rbild av den delen man trycker ut sprintarna med.\" src=\"http:\/\/www.airsoft.nu\/recensioner\/files\/2012\/01\/speed_m4m16_tool_006_tn.jpg\" alt=\"N\u00e4rbild av den delen man trycker ut sprintarna med.\" width=\"312\" height=\"208\" \/><\/a><\/td>\n<td style=\"width: 49%;\"><a title=\"N\u00e4rbild av den delen man trycker ner magasin-knappen med.\" href=\"http:\/\/www.airsoft.nu\/recensioner\/files\/2012\/01\/speed_m4m16_tool_007.jpg\" rel=\"lightbox\"><img decoding=\"async\" class=\"alignright\" title=\"N\u00e4rbild av den delen man trycker ner magasin-knappen med.\" src=\"http:\/\/www.airsoft.nu\/recensioner\/files\/2012\/01\/speed_m4m16_tool_007_tn.jpg\" alt=\"N\u00e4rbild av den delen man trycker ner magasin-knappen med.\" width=\"312\" height=\"208\" \/><\/a><\/td>\n<\/tr>\n<\/tbody>\n<\/table>\n<p>N\u00e4rbilder p\u00e5 plastdetaljerna som \u00e4r n\u00e4rmast sprintarna respektive magasin-knappen.<\/p>\n<h2>F\u00e4lttest \/ Utf\u00f6rande<\/h2>\n<table style=\"width: 630;\" cellspacing=\"0\" cellpadding=\"0\">\n<tbody>\n<tr>\n<td style=\"width: 33%;\"><a title=\"SPEED M4\/M16 Tool i arbete.\" href=\"http:\/\/www.airsoft.nu\/recensioner\/files\/2012\/01\/speed_m4m16_tool_008.jpg\" rel=\"lightbox\"><img decoding=\"async\" class=\"alignleft\" title=\"SPEED M4\/M16 Tool i arbete.\" src=\"http:\/\/www.airsoft.nu\/recensioner\/files\/2012\/01\/speed_m4m16_tool_008_tn.jpg\" alt=\"SPEED M4\/M16 Tool i arbete.\" width=\"206\" height=\"137\" \/><\/a><\/td>\n<td style=\"width: 33%;\"><a href=\"http:\/\/www.airsoft.nu\/recensioner\/files\/2012\/01\/speed_m4m16_tool_009.jpg\" rel=\"lightbox\"><img decoding=\"async\" class=\"aligncenter\" src=\"http:\/\/www.airsoft.nu\/recensioner\/files\/2012\/01\/speed_m4m16_tool_009_tn.jpg\" alt=\"\" width=\"206\" height=\"137\" \/><\/a><\/td>\n<td style=\"width: 33%;\"><a title=\"SPEED M4\/M16 Tool i arbete.\" href=\"http:\/\/www.airsoft.nu\/recensioner\/files\/2012\/01\/speed_m4m16_tool_010.jpg\" rel=\"lightbox\"><img decoding=\"async\" class=\"alignright\" title=\"SPEED M4\/M16 Tool i arbete.\" src=\"http:\/\/www.airsoft.nu\/recensioner\/files\/2012\/01\/speed_m4m16_tool_010_tn.jpg\" alt=\"SPEED M4\/M16 Tool i arbete.\" width=\"206\" height=\"137\" \/><\/a><\/td>\n<\/tr>\n<\/tbody>\n<\/table>\n<p>De airsoftvapen som verktyget har testats p\u00e5 \u00e4r King Arms M4A1 (KA-AG-20), Dboys M4A1 samt Tokyo Marui M733.<\/p>\n<p>Om vi b\u00f6rjar med den \u00e4nden som \u00e4r t\u00e4nkt att anv\u00e4ndas f\u00f6r att trycka ut sprintarna med s\u00e5 passar den utm\u00e4rkt och n\u00e4r man tryckt ner s\u00e5 blockerar en gr\u00f6vre ring att man inte trycker rakt igenom och s\u00e5ledes att sprintern inte flyger iv\u00e4g. Om sprintern sitter h\u00e5rt s\u00e5 kan man med f\u00f6rdel anv\u00e4nda gummiklubba att knacka med.<\/p>\n<p>N\u00e4r det g\u00e4ller den som man ska trycka ner magasin-knappen med s\u00e5 passar den ocks\u00e5 bra.<\/p>\n<h2>Slutsats<\/h2>\n<p>Vi gillar verktyget och det \u00e4r bra att ha i verktygsl\u00e5dan ifall man beh\u00f6ver reparera eller uppgradera sitt airsoftvapen. Verktyget \u00e4r inte n\u00f6dv\u00e4ndigt att ha d\u00e5 en vanlig skruvmejsel g\u00f6r det lika bra, d\u00e4remot s\u00e5 underl\u00e4ttar detta verktyg och minimerar repor p\u00e5 underbeslaget, sprintar och magasin-knappen.\u00a0Priset kan upplevas lite h\u00f6gt f\u00f6r ett simpelt verktyg (220kr hos <a href=\"http:\/\/www.vapenbutiken.com\/?p=4&amp;id=12857&amp;s=2\" target=\"_blank\">Vapenbutiken<\/a>), men det \u00e4r och andra sidan ett kvalitetsverktyg.<\/p>\n<p>&nbsp;<\/p>\n<p>I detta test s\u00e5 har vi inte j\u00e4mf\u00f6rt detta verktyg med andra verktyg med samma syfte ute p\u00e5 marknaden, s\u00e5 det vi tycker utg\u00e5r helt fr\u00e5n denna produkt.<\/p>\n<p>&nbsp;<\/p>\n<p>&nbsp;<\/p>\n<p>H\u00e4r i Sverige \u00e4r <a href=\"http:\/\/www.vapenbutiken.com\/?s=2\" target=\"_blank\">Vapenbutiken<\/a> distribut\u00f6r och \u00e5terf\u00f6rs\u00e4ljare av dessa verktyg och \u00f6vriga SPEED Airsofts produkter.<\/p>\n<blockquote><p>Denna recension \u00e4r utf\u00f6rd av Daniel (Koordinator Produkttestning) och SPEED Airsoft i Kanada har f\u00f6rsett oss med produkten.<\/p><\/blockquote>\n","protected":false},"excerpt":{"rendered":"<p>Det kanadensiska f\u00f6retaget SPEED Airsoft har specialiserat sig p\u00e5 olika innovativa verktyg (Pro tools) och delar till airsoftvapen. Vi har testat verktygen SPEED Delta Ring Wrench (#SA2068), SPEED M4\/M16 Tool (#SA2096) samt SPEED Adjustable Nut Wrench (#SA2078). Verktygen \u00e4r utformade till M4\/M16-vapen. Read the SPEED M4\/M16 Tool review in English Inneh\u00e5ll Verktyget kommer i en [&hellip;]<\/p>\n","protected":false},"author":3,"featured_media":0,"parent":0,"menu_order":0,"comment_status":"open","ping_status":"open","template":"","meta":{"footnotes":""},"class_list":["post-536","page","type-page","status-publish","hentry"],"_links":{"self":[{"href":"http:\/\/www.airsoft.nu\/recensioner\/wp-json\/wp\/v2\/pages\/536","targetHints":{"allow":["GET"]}}],"collection":[{"href":"http:\/\/www.airsoft.nu\/recensioner\/wp-json\/wp\/v2\/pages"}],"about":[{"href":"http:\/\/www.airsoft.nu\/recensioner\/wp-json\/wp\/v2\/types\/page"}],"author":[{"embeddable":true,"href":"http:\/\/www.airsoft.nu\/recensioner\/wp-json\/wp\/v2\/users\/3"}],"replies":[{"embeddable":true,"href":"http:\/\/www.airsoft.nu\/recensioner\/wp-json\/wp\/v2\/comments?post=536"}],"version-history":[{"count":32,"href":"http:\/\/www.airsoft.nu\/recensioner\/wp-json\/wp\/v2\/pages\/536\/revisions"}],"predecessor-version":[{"id":598,"href":"http:\/\/www.airsoft.nu\/recensioner\/wp-json\/wp\/v2\/pages\/536\/revisions\/598"}],"wp:attachment":[{"href":"http:\/\/www.airsoft.nu\/recensioner\/wp-json\/wp\/v2\/media?parent=536"}],"curies":[{"name":"wp","href":"https:\/\/api.w.org\/{rel}","templated":true}]}}